573 is divided by 733.
8
Calculate the remainder when 9875 is divided by 7.
5
What is the remainder when 13931 is divided by 1887?
722
What is the remainder when 671047 is divided by 32?
7
Calculate the remainder when 29580 is divided by 9844.
48
What is the remainder when 52035 is divided by 9?
6
Calculate the remainder when 4335 is divided by 717.
33
Calculate the remainder when 2823 is divided by 69.
63
What is the remainder when 283773 is divided by 31?
30
What is the remainder when 42301 is divided by 3845?
6
Calculate the remainder when 29534 is divided by 8.
6
What is the remainder when 898 is divided by 177?
13
What is the remainder when 5194 is divided by 50?
44
Calculate the remainder when 6288 is divided by 2089.
21
Calculate the remainder when 3562018 is divided by 84.
82
What is the remainder when 276460 is divided by 42?
16
What is the remainder when 28920 is divided by 301?
24
Calculate the remainder when 46905 is divided by 1513.
2
What is the remainder when 3433 is divided by 674?
63
Calculate the remainder when 26350 is divided by 30.
10
What is the remainder when 13241 is divided by 251?
189
What is the remainder when 2639 is divided by 165?
164
What is the remainder when 6175 is divided by 3087?
1
What is the remainder when 6003 is divided by 223?
205
What is the remainder when 4078 is divided by 270?
28
Calculate the remainder when 13495 is divided by 793.
14
Calculate the remainder when 73504 is divided by 86.
60
What is the remainder when 70938 is divided by 70929?
9
What is the remainder when 38265 is divided by 26?
19
Calculate the remainder when 313136 is divided by 161.
152
What is the remainder when 10921 is divided by 71?
58
Calculate the remainder when 8050 is divided by 2559.
373
What is the remainder when 586 is divided by 343?
243
What is the remainder when 54498 is divided by 13622?
10
Calculate the remainder when 8665 is divided by 8588.
77
What is the remainder when 59984 is divided by 14993?
12
What is the remainder when 8721 is divided by 165?
141
Calculate the remainder when 30706 is divided by 29.
24
What is the remainder when 259 is divided by 88?
83
Calculate the remainder when 885 is divided by 136.
69
What is the remainder when 6575 is divided by 1632?
47
Calculate the remainder when 475 is divided by 338.
137
Calculate the remainder when 1911706 is divided by 637233.
7
What is the remainder when 200343 is divided by 49?
31
Calculate the remainder when 71125 is divided by 122.
121
Calculate the remainder when 4034 is divided by 996.
50
What is the remainder when 124083 is divided by 1320?
3
What is the remainder when 10021 is divided by 201?
172
Calculate the remainder when 40231 is divided by 19.
8
Calculate the remainder when 113043 is divided by 595.
588
What is the remainder when 9444 is divided by 363?
6
What is the remainder when 2571181 is divided by 9?
7
Calculate the remainder when 18052 is divided by 39.
34
What is the remainder when 1327 is divided by 257?
42
Calculate the remainder when 5288 is divided by 1759.
11
What is the remainder when 83992 is divided by 459?
454
What is the remainder when 1650 is divided by 1463?
187
Calculate the remainder when 7927 is divided by 3938.
51
Calculate the remainder when 2362 is divided by 470.
12
Calculate the remainder when 195804 is divided by 23.
5
Calculate the remainder when 11913 is divided by 163.
14
What is the remainder when 2807 is divided by 152?
71
What is the remainder when 268300 is divided by 409?
405
What is the remainder when 90054 is divided by 155?
154
What is the remainder when 1087901 is divided by 65?
61
Calculate the remainder when 1422 is divided by 548.
326
What is the remainder when 15335 is divided by 187?
1
Calculate the remainder when 35464 is divided by 173.
172
What is the remainder when 3722200 is divided by 22?
20
Calculate the remainder when 779840 is divided by 156.
152
What is the remainder when 3889 is divided by 3642?
247
Calculate the remainder when 1750 is divided by 557.
79
Calculate the remainder when 26328 is divided by 20.
8
Calculate the remainder when 1244213 is divided by 133.
131
Calculate the remainder when 4440 is divided by 507.
384
Calculate the remainder when 6511 is divided by 1082.
19
What is the remainder when 1569761 is divided by 333?
332
Calculate the remainder when 2543 is divided by 309.
71
Calculate the remainder when 2242 is divided by 34.
32
What is the remainder when 6579 is divided by 12?
3
Calculate the remainder when 3732 is divided by 801.
528
Calculate the remainder when 907 is divided by 224.
11
What is the remainder when 309516 is divided by 16?
12
Calculate the remainder when 71675 is divided by 17918.
3
What is the remainder when 4039 is divided by 408?
367
Calculate the remainder when 104579 is divided by 20913.
14
What is the remainder when 25328 is divided by 151?
111
What is the remainder when 14566 is divided by 94?
90
What is the remainder when 8804 is divided by 4388?
28
Calculate the remainder when 1006 is divided by 30.
16
Calculate the remainder when 3268 is divided by 68.
4
What is the remainder when 12937 is divided by 37?
24
Calculate the remainder when 59003 is divided by 6555.
8
Calculate the remainder when 48493 is divided by 2309.
4
Calculate the remainder when 73028 is divided by 136.
132
Calculate the remainder when 20996 is divided by 10484.
28
Calculate the remainder when 4743 is divided by 7.
4
Calculate the remainder when 889 is divided by 466.
423
Calculate the remainder when 7786 is divided by 2403.
577
What is the remainder when 224816 is divided by 137?
136
What is the remainder when 1134 is divided by 268?
62
Calculate the remainder when 1066 is divided by 304.
154
What is the remainder when 83159 is divided by 904?
895
Calculate the remainder when 20079 is divided by 500.
79
Calculate the remainder when 3359 is divided by 265.
179
What is the remainder when 921117 is divided by 57?
54
Calculate the remainder when 38247 is divided by 45.
42
Calculate the remainder when 12478 is divided by 260.
258
Calculate the remainder when 11715 is divided by 3892.
39
Calculate the remainder when 355002 is divided by 105.
102
What is the remainder when 100473 is divided by 312?
9
What is the remainder when 16111 is divided by 122?
7
Calculate the remainder when 9522 is divided by 157.
102
What is the remainder when 47323 is divided by 1819?
29
What is the remainder when 900 is divided by 238?
186
Calculate the remainder when 35617 is divided by 8904.
1
What is the remainder when 40658 is divided by 54?
50
What is the remainder when 48526 is divided by 337?
335
What is the remainder when 6273 is divided by 71?
25
What is the remainder when 24228 is divided by 11?
6
Calculate the remainder when 17022 is divided by 1407.
138
What is the remainder when 3876 is divided by 46?
12
Calculate the remainder when 551 is divided by 23.
22
What is the remainder when 281 is divided by 5?
1
What is the remainder when 8181 is divided by 262?
59
Calculate the remainder when 5661 is divided by 710.
691
Calculate the remainder when 14225 is divided by 187.
13
Calculate the remainder when 1727 is divided by 195.
167
Calculate the remainder when 1764 is divided by 111.
99
What is the remainder when 4085 is divided by 472?
309
What is the remainder when 269994 is divided by 12?
6
Calculate the remainder when 478799 is divided by 80.
79
What is the remainder when 27937 is divided by 38?
7
Calculate the remainder when 54686 is divided by 1601.
252
What is the remainder when 1666 is divided by 162?
46
What is the remainder when 249521 is divided by 124741?
39
What is the remainder when 2513 is divided by 1220?
73
Calculate the remainder when 1266 is divided by 1252.
14
What is the remainder when 197 is divided by 197?
0
Calculate the remainder when 21940 is divided by 129.
10
Calculate the remainder when 508732 is divided by 139.
131
What is the remainder when 3077 is divided by 3066?
11
What is the remainder when 35246 is divided by 1858?
1802
Calculate the remainder when 67107 is divided by 67102.
5
Calculate the remainder when 2715 is divided by 1348.
19
What is the remainder when 99455 is divided by 16573?
17
What is the remainder when 7031 is divided by 7?
3
Calculate the remain